{"id":124,"date":"2021-01-08T19:38:52","date_gmt":"2021-01-08T18:38:52","guid":{"rendered":"https:\/\/www.barbarakajetanowicz.com\/?page_id=124"},"modified":"2021-01-14T22:59:02","modified_gmt":"2021-01-14T21:59:02","slug":"saengerin","status":"publish","type":"page","link":"https:\/\/www.barbarakajetanowicz.com\/en\/saengerin\/","title":{"rendered":"Singer"},"content":{"rendered":"<p>[et_pb_section fb_built=&#8220;1&#8243; _builder_version=&#8220;4.7.7&#8243; _module_preset=&#8220;default&#8220; background_color=&#8220;#f0eae2&#8243; min_height=&#8220;548px&#8220; custom_padding=&#8220;16px||0px|||&#8220;][et_pb_row _builder_version=&#8220;4.7.7&#8243; _module_preset=&#8220;default&#8220; width=&#8220;80%&#8220; custom_margin=&#8220;6px|auto||auto||&#8220; custom_padding=&#8220;0px||0px|||&#8220;][et_pb_column type=&#8220;4_4&#8243; _builder_version=&#8220;4.7.7&#8243; _module_preset=&#8220;default&#8220;][et_pb_text _builder_version=&#8220;4.7.7&#8243; _module_preset=&#8220;default&#8220; custom_margin=&#8220;48px||9px|||&#8220;]<\/p>\n<h1>S\u00e4ngerin<\/h1>\n<p>[\/et_pb_text][et_pb_text _builder_version=&#8220;4.7.7&#8243; _module_preset=&#8220;default&#8220;]<\/p>\n<p>Barockmusik <span class=\"Apple-converted-space\"><br \/> <\/span>\u00a0 \u00a0 \u00a0 \u00a0Kirchenmusik <span class=\"Apple-converted-space\"><br \/> <\/span>\u00a0 \u00a0 \u00a0 \u00a0 \u00a0 \u00a0 \u00a0 Liedinterpretation <span class=\"Apple-converted-space\">\u00a0<\/span><\/p>\n<p>[\/et_pb_text][\/et_pb_column][\/et_pb_row][et_pb_row _builder_version=&#8220;4.7.7&#8243; _module_preset=&#8220;default&#8220; custom_padding=&#8220;0px|||||&#8220;][et_pb_column type=&#8220;4_4&#8243; _builder_version=&#8220;4.7.7&#8243; _module_preset=&#8220;default&#8220;][et_pb_text _builder_version=&#8220;4.7.7&#8243; _module_preset=&#8220;default&#8220; width=&#8220;88%&#8220; module_alignment=&#8220;center&#8220; custom_margin=&#8220;26px|||||&#8220; custom_padding=&#8220;9px|||||&#8220;]<\/p>\n<p style=\"text-align: justify;\">Schon in fr\u00fchester Jugend wurde in Barbara Kajetanowicz die Liebe zur Musik und hier im Besonderen zum Gesang geweckt.<\/p>\n<p style=\"text-align: justify;\">Der Kirchenchor ihrer Heimatstadt Ried im Innkreis (O\u00d6.) erwies sich als ideales Sprungbrett ihrer Solokarriere, und gemeinsame Auff\u00fchrungen mit dem Brucknerbund-Orchester verhalfen ihr zu einem breiten musikalischen Repertoire, auch \u00fcber die sakrale Musik hinaus.<\/p>\n<p style=\"text-align: justify;\">Somit war auch der Weg zum Gesangstudium in Linz und sp\u00e4ter in Wien vorprogrammiert.<\/p>\n<p style=\"text-align: justify;\">\u00dcber Meisterkurse (Sommerakademie in Lenk\/Schweiz &#8211; Sena Jurinac, Wiener Meisterkurse &#8211; Ileana Cotrubas, Elly Ameling) erwachte in ihr schlie\u00dflich die Freude an der Liedinterpretation.<\/p>\n<p style=\"text-align: justify;\">Bis heute ist Barbara Kajetanowicz ihrer Linie treu geblieben, das fr\u00fch erworbene Fundament der sakralen Literatur macht sie zu einer versierten Kennerin s\u00e4mtlicher Werke auf diesem Gebiet, und sie hat sich \u00fcber die Jahre hierbei im Besonderen mit der Barockmusik verbunden.<\/p>\n<p style=\"text-align: justify;\">[\/et_pb_text][\/et_pb_column][\/et_pb_row][et_pb_row column_structure=&#8220;1_4,1_4,1_4,1_4&#8243; _builder_version=&#8220;4.7.7&#8243; _module_preset=&#8220;default&#8220; width=&#8220;76%&#8220; module_alignment=&#8220;center&#8220;][et_pb_column type=&#8220;1_4&#8243; _builder_version=&#8220;4.7.7&#8243; _module_preset=&#8220;default&#8220;][et_pb_image src=&#8220;https:\/\/www.barbarakajetanowicz.com\/wp-content\/uploads\/2021\/01\/Barbara-Kajetanowicz-Saengerin1.jpg&#8220; alt=&#8220;Barbara Kajetanowicz S\u00e4ngerin -Austria&#8220; title_text=&#8220;Barbara-Kajetanowicz-Saengerin1&#8243; show_in_lightbox=&#8220;on&#8220; _builder_version=&#8220;4.7.7&#8243; _module_preset=&#8220;default&#8220;][\/et_pb_image][\/et_pb_column][et_pb_column type=&#8220;1_4&#8243; _builder_version=&#8220;4.7.7&#8243; _module_preset=&#8220;default&#8220;][et_pb_image src=&#8220;https:\/\/www.barbarakajetanowicz.com\/wp-content\/uploads\/2021\/01\/Barbara-Kajetanowicz-Saengerin2.jpg&#8220; alt=&#8220;Barbara Kajetanowicz S\u00e4ngerin -Austria&#8220; title_text=&#8220;Barbara-Kajetanowicz-Saengerin2&#8243; show_in_lightbox=&#8220;on&#8220; _builder_version=&#8220;4.7.7&#8243; _module_preset=&#8220;default&#8220;][\/et_pb_image][\/et_pb_column][et_pb_column type=&#8220;1_4&#8243; _builder_version=&#8220;4.7.7&#8243; _module_preset=&#8220;default&#8220;][et_pb_image src=&#8220;https:\/\/www.barbarakajetanowicz.com\/wp-content\/uploads\/2021\/01\/Barbara-Kajetanowicz-Saengerin4.jpg&#8220; alt=&#8220;Barbara Kajetanowicz S\u00e4ngerin -Austria&#8220; title_text=&#8220;Barbara-Kajetanowicz-Saengerin4&#8243; show_in_lightbox=&#8220;on&#8220; _builder_version=&#8220;4.7.7&#8243; _module_preset=&#8220;default&#8220;][\/et_pb_image][\/et_pb_column][et_pb_column type=&#8220;1_4&#8243; _builder_version=&#8220;4.7.7&#8243; _module_preset=&#8220;default&#8220;][et_pb_image src=&#8220;https:\/\/www.barbarakajetanowicz.com\/wp-content\/uploads\/2021\/01\/Barbara-Kajetanowicz-Saengerin3.jpg&#8220; alt=&#8220;Barbara Kajetanowicz S\u00e4ngerin -Austria&#8220; title_text=&#8220;Barbara-Kajetanowicz-Saengerin3&#8243; show_in_lightbox=&#8220;on&#8220; _builder_version=&#8220;4.7.7&#8243; _module_preset=&#8220;default&#8220;][\/et_pb_image][\/et_pb_column][\/et_pb_row][et_pb_row column_structure=&#8220;2_5,3_5&#8243; _builder_version=&#8220;4.7.7&#8243; _module_preset=&#8220;default&#8220; width=&#8220;78%&#8220; module_alignment=&#8220;center&#8220; custom_padding=&#8220;9px|||||&#8220;][et_pb_column type=&#8220;2_5&#8243; _builder_version=&#8220;4.7.7&#8243; _module_preset=&#8220;default&#8220;][et_pb_text _builder_version=&#8220;4.7.7&#8243; _module_preset=&#8220;default&#8220; hover_enabled=&#8220;0&#8243; sticky_enabled=&#8220;0&#8243;]<\/p>\n<p style=\"text-align: justify;\">Daneben sind das Kunstlied und seine vielf\u00e4ltigen Gestaltungsm\u00f6glichkeiten von Interpretation, Ausdruck und Klangfarbenreichtum f\u00fcr sie sowohl als K\u00fcnstlerin, als auch als P\u00e4dagogin zu einer gro\u00dfen Leidenschaft geworden, wenngleich sie den Lied-Gesang als die schwerste Kunstfertigkeit im Gesang erachtet .<\/p>\n<p style=\"text-align: justify;\">Auch wenn ihr vom B\u00fchnenkritiker Manfred A. Schmid schauspielerisches Talent und Spielfreudigkeit zugesprochen werden, so bleiben Opernabende dennoch die Seltenheit.<\/p>\n<p style=\"text-align: justify;\">Doch in einem Bereich findet sie hier ein Zuhause: Der reiche Schatz der barocken Opern bietet das ideale Spielfeld f\u00fcr leichte H\u00f6he und Koloraturfertigkeit, was ihrem heiter-lieblichen Temperament und ihrem fast akribischen Hang zur Perfektion in Klarheit und Brillanz entsprechen.<\/p>\n<p>[\/et_pb_text][\/et_pb_column][et_pb_column type=&#8220;3_5&#8243; _builder_version=&#8220;4.7.7&#8243; _module_preset=&#8220;default&#8220;][et_pb_image src=&#8220;https:\/\/www.barbarakajetanowicz.com\/wp-content\/uploads\/2021\/01\/Barbara-Kajetanowicz-Saengerin5.jpg&#8220; alt=&#8220;Barbara Kajetanowicz S\u00e4ngerin -Austria&#8220; title_text=&#8220;Barbara-Kajetanowicz-Saengerin5&#8243; show_in_lightbox=&#8220;on&#8220; _builder_version=&#8220;4.7.7&#8243; _module_preset=&#8220;default&#8220; custom_padding=&#8220;4px|||||&#8220;][\/et_pb_image][\/et_pb_column][\/et_pb_row][et_pb_row _builder_version=&#8220;4.7.7&#8243; _module_preset=&#8220;default&#8220;][et_pb_column type=&#8220;4_4&#8243; _builder_version=&#8220;4.7.7&#8243; _module_preset=&#8220;default&#8220;][et_pb_text _builder_version=&#8220;4.7.7&#8243; _module_preset=&#8220;default&#8220;]<\/p>\n<p style=\"text-align: center;\"><a href=\"https:\/\/www.barbarakajetanowicz.com\">\u21d0 zur\u00fcck<\/a><\/p>\n<p>[\/et_pb_text][\/et_pb_column][\/et_pb_row][\/et_pb_section]<\/p>\n","protected":false},"excerpt":{"rendered":"<p>S\u00e4ngerinBarockmusik \u00a0 \u00a0 \u00a0 \u00a0Kirchenmusik \u00a0 \u00a0 \u00a0 \u00a0 \u00a0 \u00a0 \u00a0 Liedinterpretation \u00a0Schon in fr\u00fchester Jugend wurde in Barbara Kajetanowicz die Liebe zur Musik und hier im Besonderen zum Gesang geweckt. Der Kirchenchor ihrer Heimatstadt Ried im Innkreis (O\u00d6.) erwies sich als ideales Sprungbrett ihrer Solokarriere, und gemeinsame Auff\u00fchrungen mit dem Brucknerbund-Orchester verhalfen ihr [&hellip;]<\/p>\n","protected":false},"author":1,"featured_media":0,"parent":0,"menu_order":0,"comment_status":"closed","ping_status":"closed","template":"","meta":{"_et_pb_use_builder":"on","_et_pb_old_content":"","_et_gb_content_width":"","footnotes":"","_links_to":"","_links_to_target":""},"class_list":["post-124","page","type-page","status-publish","hentry"],"_links":{"self":[{"href":"https:\/\/www.barbarakajetanowicz.com\/en\/wp-json\/wp\/v2\/pages\/124","targetHints":{"allow":["GET"]}}],"collection":[{"href":"https:\/\/www.barbarakajetanowicz.com\/en\/wp-json\/wp\/v2\/pages"}],"about":[{"href":"https:\/\/www.barbarakajetanowicz.com\/en\/wp-json\/wp\/v2\/types\/page"}],"author":[{"embeddable":true,"href":"https:\/\/www.barbarakajetanowicz.com\/en\/wp-json\/wp\/v2\/users\/1"}],"replies":[{"embeddable":true,"href":"https:\/\/www.barbarakajetanowicz.com\/en\/wp-json\/wp\/v2\/comments?post=124"}],"version-history":[{"count":15,"href":"https:\/\/www.barbarakajetanowicz.com\/en\/wp-json\/wp\/v2\/pages\/124\/revisions"}],"predecessor-version":[{"id":381,"href":"https:\/\/www.barbarakajetanowicz.com\/en\/wp-json\/wp\/v2\/pages\/124\/revisions\/381"}],"wp:attachment":[{"href":"https:\/\/www.barbarakajetanowicz.com\/en\/wp-json\/wp\/v2\/media?parent=124"}],"curies":[{"name":"wp","href":"https:\/\/api.w.org\/{rel}","templated":true}]}}

<p>[et_pb_section fb_built=&#8220;1&#8243; _builder_version=&#8220;4.7.7&#8243; _module_preset=&#8220;default&#8220; background_color=&#8220;#f0eae2&#8243; min_height=&#8220;548px&#8220; custom_padding=&#8220;16px||0px|||&#8220;][et_pb_row _builder_version=&#8220;4.7.7&#8243; _module_preset=&#8220;default&#8220; width=&#8220;80%&#8220; custom_margin=&#8220;6px|auto||auto||&#8220; custom_padding=&#8220;0px||0px|||&#8220;][et_pb_column type=&#8220;4_4&#8243; _builder_version=&#8220;4.7.7&#8243; _module_preset=&#8220;default&#8220;][et_pb_text _builder_version=&#8220;4.7.7&#8243; _module_preset=&#8220;default&#8220; custom_margin=&#8220;48px||9px|||&#8220;]</p>
<h1>Sängerin</h1>
<p>[/et_pb_text][et_pb_text _builder_version=&#8220;4.7.7&#8243; _module_preset=&#8220;default&#8220;]</p>
<p>Barockmusik <span class="Apple-converted-space"><br /> </span>       Kirchenmusik <span class="Apple-converted-space"><br /> </span>              Liedinterpretation <span class="Apple-converted-space"> </span></p>
<p>[/et_pb_text][/et_pb_column][/et_pb_row][et_pb_row _builder_version=&#8220;4.7.7&#8243; _module_preset=&#8220;default&#8220; custom_padding=&#8220;0px|||||&#8220;][et_pb_column type=&#8220;4_4&#8243; _builder_version=&#8220;4.7.7&#8243; _module_preset=&#8220;default&#8220;][et_pb_text _builder_version=&#8220;4.7.7&#8243; _module_preset=&#8220;default&#8220; width=&#8220;88%&#8220; module_alignment=&#8220;center&#8220; custom_margin=&#8220;26px|||||&#8220; custom_padding=&#8220;9px|||||&#8220;]</p>
<p style="text-align: justify;">Schon in frühester Jugend wurde in Barbara Kajetanowicz die Liebe zur Musik und hier im Besonderen zum Gesang geweckt.</p>
<p style="text-align: justify;">Der Kirchenchor ihrer Heimatstadt Ried im Innkreis (OÖ.) erwies sich als ideales Sprungbrett ihrer Solokarriere, und gemeinsame Aufführungen mit dem Brucknerbund-Orchester verhalfen ihr zu einem breiten musikalischen Repertoire, auch über die sakrale Musik hinaus.</p>
<p style="text-align: justify;">Somit war auch der Weg zum Gesangstudium in Linz und später in Wien vorprogrammiert.</p>
<p style="text-align: justify;">Über Meisterkurse (Sommerakademie in Lenk/Schweiz &#8211; Sena Jurinac, Wiener Meisterkurse &#8211; Ileana Cotrubas, Elly Ameling) erwachte in ihr schließlich die Freude an der Liedinterpretation.</p>
<p style="text-align: justify;">Bis heute ist Barbara Kajetanowicz ihrer Linie treu geblieben, das früh erworbene Fundament der sakralen Literatur macht sie zu einer versierten Kennerin sämtlicher Werke auf diesem Gebiet, und sie hat sich über die Jahre hierbei im Besonderen mit der Barockmusik verbunden.</p>
<p style="text-align: justify;">[/et_pb_text][/et_pb_column][/et_pb_row][et_pb_row column_structure=&#8220;1_4,1_4,1_4,1_4&#8243; _builder_version=&#8220;4.7.7&#8243; _module_preset=&#8220;default&#8220; width=&#8220;76%&#8220; module_alignment=&#8220;center&#8220;][et_pb_column type=&#8220;1_4&#8243; _builder_version=&#8220;4.7.7&#8243; _module_preset=&#8220;default&#8220;][et_pb_image src=&#8220;https://www.barbarakajetanowicz.com/wp-content/uploads/2021/01/Barbara-Kajetanowicz-Saengerin1.jpg&#8220; alt=&#8220;Barbara Kajetanowicz Sängerin -Austria&#8220; title_text=&#8220;Barbara-Kajetanowicz-Saengerin1&#8243; show_in_lightbox=&#8220;on&#8220; _builder_version=&#8220;4.7.7&#8243; _module_preset=&#8220;default&#8220;][/et_pb_image][/et_pb_column][et_pb_column type=&#8220;1_4&#8243; _builder_version=&#8220;4.7.7&#8243; _module_preset=&#8220;default&#8220;][et_pb_image src=&#8220;https://www.barbarakajetanowicz.com/wp-content/uploads/2021/01/Barbara-Kajetanowicz-Saengerin2.jpg&#8220; alt=&#8220;Barbara Kajetanowicz Sängerin -Austria&#8220; title_text=&#8220;Barbara-Kajetanowicz-Saengerin2&#8243; show_in_lightbox=&#8220;on&#8220; _builder_version=&#8220;4.7.7&#8243; _module_preset=&#8220;default&#8220;][/et_pb_image][/et_pb_column][et_pb_column type=&#8220;1_4&#8243; _builder_version=&#8220;4.7.7&#8243; _module_preset=&#8220;default&#8220;][et_pb_image src=&#8220;https://www.barbarakajetanowicz.com/wp-content/uploads/2021/01/Barbara-Kajetanowicz-Saengerin4.jpg&#8220; alt=&#8220;Barbara Kajetanowicz Sängerin -Austria&#8220; title_text=&#8220;Barbara-Kajetanowicz-Saengerin4&#8243; show_in_lightbox=&#8220;on&#8220; _builder_version=&#8220;4.7.7&#8243; _module_preset=&#8220;default&#8220;][/et_pb_image][/et_pb_column][et_pb_column type=&#8220;1_4&#8243; _builder_version=&#8220;4.7.7&#8243; _module_preset=&#8220;default&#8220;][et_pb_image src=&#8220;https://www.barbarakajetanowicz.com/wp-content/uploads/2021/01/Barbara-Kajetanowicz-Saengerin3.jpg&#8220; alt=&#8220;Barbara Kajetanowicz Sängerin -Austria&#8220; title_text=&#8220;Barbara-Kajetanowicz-Saengerin3&#8243; show_in_lightbox=&#8220;on&#8220; _builder_version=&#8220;4.7.7&#8243; _module_preset=&#8220;default&#8220;][/et_pb_image][/et_pb_column][/et_pb_row][et_pb_row column_structure=&#8220;2_5,3_5&#8243; _builder_version=&#8220;4.7.7&#8243; _module_preset=&#8220;default&#8220; width=&#8220;78%&#8220; module_alignment=&#8220;center&#8220; custom_padding=&#8220;9px|||||&#8220;][et_pb_column type=&#8220;2_5&#8243; _builder_version=&#8220;4.7.7&#8243; _module_preset=&#8220;default&#8220;][et_pb_text _builder_version=&#8220;4.7.7&#8243; _module_preset=&#8220;default&#8220; hover_enabled=&#8220;0&#8243; sticky_enabled=&#8220;0&#8243;]</p>
<p style="text-align: justify;">Daneben sind das Kunstlied und seine vielfältigen Gestaltungsmöglichkeiten von Interpretation, Ausdruck und Klangfarbenreichtum für sie sowohl als Künstlerin, als auch als Pädagogin zu einer großen Leidenschaft geworden, wenngleich sie den Lied-Gesang als die schwerste Kunstfertigkeit im Gesang erachtet .</p>
<p style="text-align: justify;">Auch wenn ihr vom Bühnenkritiker Manfred A. Schmid schauspielerisches Talent und Spielfreudigkeit zugesprochen werden, so bleiben Opernabende dennoch die Seltenheit.</p>
<p style="text-align: justify;">Doch in einem Bereich findet sie hier ein Zuhause: Der reiche Schatz der barocken Opern bietet das ideale Spielfeld für leichte Höhe und Koloraturfertigkeit, was ihrem heiter-lieblichen Temperament und ihrem fast akribischen Hang zur Perfektion in Klarheit und Brillanz entsprechen.</p>
<p>[/et_pb_text][/et_pb_column][et_pb_column type=&#8220;3_5&#8243; _builder_version=&#8220;4.7.7&#8243; _module_preset=&#8220;default&#8220;][et_pb_image src=&#8220;https://www.barbarakajetanowicz.com/wp-content/uploads/2021/01/Barbara-Kajetanowicz-Saengerin5.jpg&#8220; alt=&#8220;Barbara Kajetanowicz Sängerin -Austria&#8220; title_text=&#8220;Barbara-Kajetanowicz-Saengerin5&#8243; show_in_lightbox=&#8220;on&#8220; _builder_version=&#8220;4.7.7&#8243; _module_preset=&#8220;default&#8220; custom_padding=&#8220;4px|||||&#8220;][/et_pb_image][/et_pb_column][/et_pb_row][et_pb_row _builder_version=&#8220;4.7.7&#8243; _module_preset=&#8220;default&#8220;][et_pb_column type=&#8220;4_4&#8243; _builder_version=&#8220;4.7.7&#8243; _module_preset=&#8220;default&#8220;][et_pb_text _builder_version=&#8220;4.7.7&#8243; _module_preset=&#8220;default&#8220;]</p>
<p style="text-align: center;"><a href="https://www.barbarakajetanowicz.com">⇐ zurück</a></p>
<p>[/et_pb_text][/et_pb_column][/et_pb_row][/et_pb_section]</p>

<p>SängerinBarockmusik        Kirchenmusik               Liedinterpretation  Schon in frühester Jugend wurde in Barbara Kajetanowicz die Liebe zur Musik und hier im Besonderen zum Gesang geweckt. Der Kirchenchor ihrer Heimatstadt Ried im Innkreis (OÖ.) erwies sich als ideales Sprungbrett ihrer Solokarriere, und gemeinsame Aufführungen mit dem Brucknerbund-Orchester verhalfen ihr [&hellip;]</p>
