{"id":129,"date":"2021-01-08T19:42:28","date_gmt":"2021-01-08T18:42:28","guid":{"rendered":"https:\/\/www.barbarakajetanowicz.com\/?page_id=129"},"modified":"2021-01-30T20:28:58","modified_gmt":"2021-01-30T19:28:58","slug":"managerin","status":"publish","type":"page","link":"https:\/\/www.barbarakajetanowicz.com\/en\/managerin\/","title":{"rendered":"Manager"},"content":{"rendered":"<p>[et_pb_section fb_built=&#8220;1&#8243; _builder_version=&#8220;4.7.7&#8243; _module_preset=&#8220;default&#8220; background_color=&#8220;#f0eae2&#8243; min_height=&#8220;548px&#8220; custom_padding=&#8220;16px||0px|||&#8220;][et_pb_row _builder_version=&#8220;4.7.7&#8243; _module_preset=&#8220;default&#8220; width=&#8220;80%&#8220; custom_margin=&#8220;6px|auto||auto||&#8220; custom_padding=&#8220;0px|||||&#8220;][et_pb_column type=&#8220;4_4&#8243; _builder_version=&#8220;4.7.7&#8243; _module_preset=&#8220;default&#8220;][et_pb_text _builder_version=&#8220;4.7.7&#8243; _module_preset=&#8220;default&#8220; custom_margin=&#8220;48px||10px|||&#8220;]<\/p>\n<h1>Managerin<\/h1>\n<p>[\/et_pb_text][et_pb_text _builder_version=&#8220;4.7.7&#8243; _module_preset=&#8220;default&#8220;]<\/p>\n<p>K\u00fcnstlerische Leiterin des<br \/>\u00a0 \u00a0 \u00a0 \u00a0 \u00a0Chamber Orchestra M\u00f6dling<span class=\"Apple-converted-space\">\u00a0 \u00a0 \u00a0 \u00a0 \u00a0 \u00a0<\/span><\/p>\n<p>[\/et_pb_text][\/et_pb_column][\/et_pb_row][et_pb_row _builder_version=&#8220;4.7.7&#8243; _module_preset=&#8220;default&#8220; custom_padding=&#8220;6px||1px|||&#8220;][et_pb_column type=&#8220;4_4&#8243; _builder_version=&#8220;4.7.7&#8243; _module_preset=&#8220;default&#8220;][et_pb_text _builder_version=&#8220;4.7.7&#8243; _module_preset=&#8220;default&#8220; width=&#8220;89%&#8220; max_width=&#8220;90%&#8220; module_alignment=&#8220;center&#8220;]<\/p>\n<p style=\"text-align: justify;\">Es sind Erfahrungen aus Kindheit und fr\u00fcher Jugend, die Menschen am meisten pr\u00e4gen.<\/p>\n<p style=\"text-align: justify;\">Barbara Kajetanowicz hat als erste Konzertauff\u00fchrung im Alter von 10 Jahren das Te Deum von Joseph Haydn mitgesungen, im Sopran des Kirchenchores ihrer Heimatstadt, der Kantorei der Stadtpfarre Ried im Innkreis.<\/p>\n<p style=\"text-align: justify;\">Als junges M\u00e4dchen in der vordersten Reihe gleich hinter den Geigen stehend, waren diese ersten Erlebnisse des gemeinsamen Musizieren von Chor und Orchester f\u00fcr sie ungeahnt bedeutend &#8211; bis heute.<\/p>\n<p style=\"text-align: justify;\">Aus dem im Jahr 2017 von ihr &#8211; in Kooperation mit dem bulgarischen Dirigenten Ivan Iliev &#8211; gegr\u00fcndeten Kammerorchester M\u00f6dling stellte sie 2019 f\u00fcr die Konzertreise nach Hongkong und Macao zu dem hohen Anlass der \u201eBirthday Tribute Concerts for Pope Francis\u201c das nun als Chamber Orchestra M\u00f6dling benannte Ensemble neu zusammen, und daraus wiederum entwickelte sich die heutige Konstellation.<span class=\"Apple-converted-space\">\u00a0<\/span><\/p>\n<p style=\"text-align: justify;\"><span class=\"Apple-converted-space\"><\/span><\/p>\n<p>[\/et_pb_text][\/et_pb_column][\/et_pb_row][et_pb_row column_structure=&#8220;3_5,2_5&#8243; _builder_version=&#8220;4.7.7&#8243; _module_preset=&#8220;default&#8220; width=&#8220;80%&#8220; module_alignment=&#8220;center&#8220; custom_margin=&#8220;0px|auto||auto||&#8220; custom_padding=&#8220;9px|||||&#8220;][et_pb_column type=&#8220;3_5&#8243; _builder_version=&#8220;4.7.7&#8243; _module_preset=&#8220;default&#8220;][et_pb_text _builder_version=&#8220;4.8.1&#8243; _module_preset=&#8220;default&#8220; custom_margin=&#8220;4px|||||&#8220; custom_padding=&#8220;19px|||||&#8220; hover_enabled=&#8220;0&#8243; sticky_enabled=&#8220;0&#8243;]<\/p>\n<p style=\"text-align: justify;\">Ein Musizieren auf hohem Niveau, sowohl Technik, Stilistik und Interpretation betreffend, aber vor allem mit Hingabe und innerer Beteiligung, das sind in der Sicht von Barbara Kajetanowicz die wahren Fertigkeiten, die es braucht, um ein Kunstwerk entstehen zu lassen.<\/p>\n<p style=\"text-align: justify;\">Der Aufgabenbereich des Chamber Orchestra M\u00f6dling umfasst Konzerte mit Schwerpunkt Barockmusik,\u00a0sowie im Speziellen Werke \u00f6sterreichischer Komponisten abseits der gro\u00dfen Namen. Daneben ist die Beteiligung im Rahmen von Masterclasses in Planung.<\/p>\n<p>[\/et_pb_text][\/et_pb_column][et_pb_column type=&#8220;2_5&#8243; _builder_version=&#8220;4.7.7&#8243; _module_preset=&#8220;default&#8220;][et_pb_image src=&#8220;https:\/\/www.barbarakajetanowicz.com\/wp-content\/uploads\/2021\/01\/Barbara-Kajetanowicz-Managerin1.jpg&#8220; alt=&#8220;Barbara Kajetanowicz &#8211; Managerin&#8220; title_text=&#8220;Barbara-Kajetanowicz-Managerin1&#8243; show_in_lightbox=&#8220;on&#8220; _builder_version=&#8220;4.7.7&#8243; _module_preset=&#8220;default&#8220;][\/et_pb_image][\/et_pb_column][\/et_pb_row][et_pb_row column_structure=&#8220;1_2,1_2&#8243; _builder_version=&#8220;4.7.7&#8243; _module_preset=&#8220;default&#8220; width=&#8220;60%&#8220; max_width=&#8220;1560px&#8220; module_alignment=&#8220;center&#8220;][et_pb_column type=&#8220;1_2&#8243; _builder_version=&#8220;4.7.7&#8243; _module_preset=&#8220;default&#8220;][et_pb_image src=&#8220;https:\/\/www.barbarakajetanowicz.com\/wp-content\/uploads\/2021\/01\/Barbara-Kajetanowicz-Managerin3.jpg&#8220; alt=&#8220;Barbara Kajetanowicz &#8211; Managerin&#8220; title_text=&#8220;Barbara-Kajetanowicz-Managerin3&#8243; show_in_lightbox=&#8220;on&#8220; _builder_version=&#8220;4.7.7&#8243; _module_preset=&#8220;default&#8220;][\/et_pb_image][\/et_pb_column][et_pb_column type=&#8220;1_2&#8243; _builder_version=&#8220;4.7.7&#8243; _module_preset=&#8220;default&#8220;][et_pb_image src=&#8220;https:\/\/www.barbarakajetanowicz.com\/wp-content\/uploads\/2021\/01\/Barbara-Kajetanowicz-Managerin2.jpg&#8220; alt=&#8220;Barbara Kajetanowicz &#8211; Managerin&#8220; title_text=&#8220;Barbara-Kajetanowicz-Managerin2&#8243; show_in_lightbox=&#8220;on&#8220; _builder_version=&#8220;4.7.7&#8243; _module_preset=&#8220;default&#8220;][\/et_pb_image][\/et_pb_column][\/et_pb_row][et_pb_row _builder_version=&#8220;4.7.7&#8243; _module_preset=&#8220;default&#8220;][et_pb_column type=&#8220;4_4&#8243; _builder_version=&#8220;4.7.7&#8243; _module_preset=&#8220;default&#8220;][et_pb_text _builder_version=&#8220;4.7.7&#8243; _module_preset=&#8220;default&#8220;]<\/p>\n<p style=\"text-align: center;\"><a href=\"https:\/\/www.barbarakajetanowicz.com\">\u21d0 zur\u00fcck<\/a><\/p>\n<p>[\/et_pb_text][\/et_pb_column][\/et_pb_row][\/et_pb_section]<\/p>\n","protected":false},"excerpt":{"rendered":"<p>ManagerinK\u00fcnstlerische Leiterin des\u00a0 \u00a0 \u00a0 \u00a0 \u00a0Chamber Orchestra M\u00f6dling\u00a0 \u00a0 \u00a0 \u00a0 \u00a0 \u00a0Es sind Erfahrungen aus Kindheit und fr\u00fcher Jugend, die Menschen am meisten pr\u00e4gen. Barbara Kajetanowicz hat als erste Konzertauff\u00fchrung im Alter von 10 Jahren das Te Deum von Joseph Haydn mitgesungen, im Sopran des Kirchenchores ihrer Heimatstadt, der Kantorei der Stadtpfarre Ried [&hellip;]<\/p>\n","protected":false},"author":1,"featured_media":0,"parent":0,"menu_order":0,"comment_status":"closed","ping_status":"closed","template":"","meta":{"_et_pb_use_builder":"on","_et_pb_old_content":"","_et_gb_content_width":"","footnotes":"","_links_to":"","_links_to_target":""},"class_list":["post-129","page","type-page","status-publish","hentry"],"_links":{"self":[{"href":"https:\/\/www.barbarakajetanowicz.com\/en\/wp-json\/wp\/v2\/pages\/129","targetHints":{"allow":["GET"]}}],"collection":[{"href":"https:\/\/www.barbarakajetanowicz.com\/en\/wp-json\/wp\/v2\/pages"}],"about":[{"href":"https:\/\/www.barbarakajetanowicz.com\/en\/wp-json\/wp\/v2\/types\/page"}],"author":[{"embeddable":true,"href":"https:\/\/www.barbarakajetanowicz.com\/en\/wp-json\/wp\/v2\/users\/1"}],"replies":[{"embeddable":true,"href":"https:\/\/www.barbarakajetanowicz.com\/en\/wp-json\/wp\/v2\/comments?post=129"}],"version-history":[{"count":11,"href":"https:\/\/www.barbarakajetanowicz.com\/en\/wp-json\/wp\/v2\/pages\/129\/revisions"}],"predecessor-version":[{"id":522,"href":"https:\/\/www.barbarakajetanowicz.com\/en\/wp-json\/wp\/v2\/pages\/129\/revisions\/522"}],"wp:attachment":[{"href":"https:\/\/www.barbarakajetanowicz.com\/en\/wp-json\/wp\/v2\/media?parent=129"}],"curies":[{"name":"wp","href":"https:\/\/api.w.org\/{rel}","templated":true}]}}

<p>[et_pb_section fb_built=&#8220;1&#8243; _builder_version=&#8220;4.7.7&#8243; _module_preset=&#8220;default&#8220; background_color=&#8220;#f0eae2&#8243; min_height=&#8220;548px&#8220; custom_padding=&#8220;16px||0px|||&#8220;][et_pb_row _builder_version=&#8220;4.7.7&#8243; _module_preset=&#8220;default&#8220; width=&#8220;80%&#8220; custom_margin=&#8220;6px|auto||auto||&#8220; custom_padding=&#8220;0px|||||&#8220;][et_pb_column type=&#8220;4_4&#8243; _builder_version=&#8220;4.7.7&#8243; _module_preset=&#8220;default&#8220;][et_pb_text _builder_version=&#8220;4.7.7&#8243; _module_preset=&#8220;default&#8220; custom_margin=&#8220;48px||10px|||&#8220;]</p>
<h1>Managerin</h1>
<p>[/et_pb_text][et_pb_text _builder_version=&#8220;4.7.7&#8243; _module_preset=&#8220;default&#8220;]</p>
<p>Künstlerische Leiterin des<br />         Chamber Orchestra Mödling<span class="Apple-converted-space">           </span></p>
<p>[/et_pb_text][/et_pb_column][/et_pb_row][et_pb_row _builder_version=&#8220;4.7.7&#8243; _module_preset=&#8220;default&#8220; custom_padding=&#8220;6px||1px|||&#8220;][et_pb_column type=&#8220;4_4&#8243; _builder_version=&#8220;4.7.7&#8243; _module_preset=&#8220;default&#8220;][et_pb_text _builder_version=&#8220;4.7.7&#8243; _module_preset=&#8220;default&#8220; width=&#8220;89%&#8220; max_width=&#8220;90%&#8220; module_alignment=&#8220;center&#8220;]</p>
<p style="text-align: justify;">Es sind Erfahrungen aus Kindheit und früher Jugend, die Menschen am meisten prägen.</p>
<p style="text-align: justify;">Barbara Kajetanowicz hat als erste Konzertaufführung im Alter von 10 Jahren das Te Deum von Joseph Haydn mitgesungen, im Sopran des Kirchenchores ihrer Heimatstadt, der Kantorei der Stadtpfarre Ried im Innkreis.</p>
<p style="text-align: justify;">Als junges Mädchen in der vordersten Reihe gleich hinter den Geigen stehend, waren diese ersten Erlebnisse des gemeinsamen Musizieren von Chor und Orchester für sie ungeahnt bedeutend &#8211; bis heute.</p>
<p style="text-align: justify;">Aus dem im Jahr 2017 von ihr &#8211; in Kooperation mit dem bulgarischen Dirigenten Ivan Iliev &#8211; gegründeten Kammerorchester Mödling stellte sie 2019 für die Konzertreise nach Hongkong und Macao zu dem hohen Anlass der „Birthday Tribute Concerts for Pope Francis“ das nun als Chamber Orchestra Mödling benannte Ensemble neu zusammen, und daraus wiederum entwickelte sich die heutige Konstellation.<span class="Apple-converted-space"> </span></p>
<p style="text-align: justify;"><span class="Apple-converted-space"></span></p>
<p>[/et_pb_text][/et_pb_column][/et_pb_row][et_pb_row column_structure=&#8220;3_5,2_5&#8243; _builder_version=&#8220;4.7.7&#8243; _module_preset=&#8220;default&#8220; width=&#8220;80%&#8220; module_alignment=&#8220;center&#8220; custom_margin=&#8220;0px|auto||auto||&#8220; custom_padding=&#8220;9px|||||&#8220;][et_pb_column type=&#8220;3_5&#8243; _builder_version=&#8220;4.7.7&#8243; _module_preset=&#8220;default&#8220;][et_pb_text _builder_version=&#8220;4.8.1&#8243; _module_preset=&#8220;default&#8220; custom_margin=&#8220;4px|||||&#8220; custom_padding=&#8220;19px|||||&#8220; hover_enabled=&#8220;0&#8243; sticky_enabled=&#8220;0&#8243;]</p>
<p style="text-align: justify;">Ein Musizieren auf hohem Niveau, sowohl Technik, Stilistik und Interpretation betreffend, aber vor allem mit Hingabe und innerer Beteiligung, das sind in der Sicht von Barbara Kajetanowicz die wahren Fertigkeiten, die es braucht, um ein Kunstwerk entstehen zu lassen.</p>
<p style="text-align: justify;">Der Aufgabenbereich des Chamber Orchestra Mödling umfasst Konzerte mit Schwerpunkt Barockmusik, sowie im Speziellen Werke österreichischer Komponisten abseits der großen Namen. Daneben ist die Beteiligung im Rahmen von Masterclasses in Planung.</p>
<p>[/et_pb_text][/et_pb_column][et_pb_column type=&#8220;2_5&#8243; _builder_version=&#8220;4.7.7&#8243; _module_preset=&#8220;default&#8220;][et_pb_image src=&#8220;https://www.barbarakajetanowicz.com/wp-content/uploads/2021/01/Barbara-Kajetanowicz-Managerin1.jpg&#8220; alt=&#8220;Barbara Kajetanowicz &#8211; Managerin&#8220; title_text=&#8220;Barbara-Kajetanowicz-Managerin1&#8243; show_in_lightbox=&#8220;on&#8220; _builder_version=&#8220;4.7.7&#8243; _module_preset=&#8220;default&#8220;][/et_pb_image][/et_pb_column][/et_pb_row][et_pb_row column_structure=&#8220;1_2,1_2&#8243; _builder_version=&#8220;4.7.7&#8243; _module_preset=&#8220;default&#8220; width=&#8220;60%&#8220; max_width=&#8220;1560px&#8220; module_alignment=&#8220;center&#8220;][et_pb_column type=&#8220;1_2&#8243; _builder_version=&#8220;4.7.7&#8243; _module_preset=&#8220;default&#8220;][et_pb_image src=&#8220;https://www.barbarakajetanowicz.com/wp-content/uploads/2021/01/Barbara-Kajetanowicz-Managerin3.jpg&#8220; alt=&#8220;Barbara Kajetanowicz &#8211; Managerin&#8220; title_text=&#8220;Barbara-Kajetanowicz-Managerin3&#8243; show_in_lightbox=&#8220;on&#8220; _builder_version=&#8220;4.7.7&#8243; _module_preset=&#8220;default&#8220;][/et_pb_image][/et_pb_column][et_pb_column type=&#8220;1_2&#8243; _builder_version=&#8220;4.7.7&#8243; _module_preset=&#8220;default&#8220;][et_pb_image src=&#8220;https://www.barbarakajetanowicz.com/wp-content/uploads/2021/01/Barbara-Kajetanowicz-Managerin2.jpg&#8220; alt=&#8220;Barbara Kajetanowicz &#8211; Managerin&#8220; title_text=&#8220;Barbara-Kajetanowicz-Managerin2&#8243; show_in_lightbox=&#8220;on&#8220; _builder_version=&#8220;4.7.7&#8243; _module_preset=&#8220;default&#8220;][/et_pb_image][/et_pb_column][/et_pb_row][et_pb_row _builder_version=&#8220;4.7.7&#8243; _module_preset=&#8220;default&#8220;][et_pb_column type=&#8220;4_4&#8243; _builder_version=&#8220;4.7.7&#8243; _module_preset=&#8220;default&#8220;][et_pb_text _builder_version=&#8220;4.7.7&#8243; _module_preset=&#8220;default&#8220;]</p>
<p style="text-align: center;"><a href="https://www.barbarakajetanowicz.com">⇐ zurück</a></p>
<p>[/et_pb_text][/et_pb_column][/et_pb_row][/et_pb_section]</p>

<p>ManagerinKünstlerische Leiterin des         Chamber Orchestra Mödling           Es sind Erfahrungen aus Kindheit und früher Jugend, die Menschen am meisten prägen. Barbara Kajetanowicz hat als erste Konzertaufführung im Alter von 10 Jahren das Te Deum von Joseph Haydn mitgesungen, im Sopran des Kirchenchores ihrer Heimatstadt, der Kantorei der Stadtpfarre Ried [&hellip;]</p>
